{"id":95,"date":"2012-03-03T23:49:59","date_gmt":"2012-03-03T23:49:59","guid":{"rendered":"http:\/\/marcahr.com\/marc\/aya\/?page_id=94"},"modified":"2012-04-29T14:51:35","modified_gmt":"2012-04-29T14:51:35","slug":"visa-information-for-russia","status":"publish","type":"page","link":"https:\/\/marcahr.com\/apartments\/st-petersbourg\/visa-information-for-russia\/","title":{"rendered":"Visa Information for Russia"},"content":{"rendered":"<p><strong>How to obtain a tourist visa for Russia:<\/strong><\/p>\n<p>You first need an invitation\u00a0letter . We work with an agency that can provide this\u00a0for 25 euros\u00a0 per traveller. In addition to the invitation, you will\u00a0need to download a form on the Russian consulat site or embassy site\u00a0to fill\u00a0in and a photo to stick on the corner.<\/p>\n<p>We can fax you the invitation\u00a0letter in the US, Canada and some countries in Europe. For others you will need the original documents. NO e-mails accepted.<\/p>\n<p>For France, if you are in a hurry, we suggest that you\u00a0deal with\u00a0an agency that specialises in visas as otherwise\u00a0you can be sure of\u00a0delays.\u00a0 A suggested agency is\u00a0Action Visas in Paris 75013\u00a0 tel\u00a0 (33) 01 45 88 56 70 <a href=\"http:\/\/www.action-visas.com\" target=\"_blank\">www.action-visas.com<\/a><\/p>\n<p>It takes\u00a03 to 4 days for us\u00a0to send you the invitations but can do it\u00a0in less than 48h if requested and if there are no holidays. Then it takes around 2 to 3 weeks to obtain your visa at the Russian consulat or embassy.<\/p>\n<p>Besides the documents listed above you need a proof of insurance from your insurance or gold visa holders and a certified check to pay for the visas at the Russian consulat or embassy.<\/p>\n<p><strong>Comment faire pour obtenir un visa touristique pour la Russie:<\/strong><\/p>\n<p>Il faut \u00a0une lettre d&#8217;invitation. Nous travaillons avec une agence qui peut fournir ce document pour 25 euros par voyageur. En plus de l&#8217;invitation, vous aurez besoin de t\u00e9l\u00e9charger un formulaire sur le site de l&#8217;ambassade \u00a0de Russie. le remplir et coller une photo.<\/p>\n<p>Nous pouvons vous faxer la lettre d&#8217;invitation aux \u00c9tats-Unis, au Canada et certains pays d&#8217;Europe. Pour d&#8217;autres, vous aurez besoin des documents originaux. les- courriels ne sont pas accept\u00e9s.<\/p>\n<p>Ensuite pour la France, si vous \u00eates press\u00e9, nous vous sugg\u00e9rons de passer par une agence qui est sp\u00e9cialis\u00e9 dans les visas. . Action Visas \u00e0 Paris 75013 \u00a0<\/p>\n<p>t\u00e9l: (33) 01 45 88 56 70 www.action-visas.com<\/p>\n<p>Il faut 3 \u00e0 4 jours pour que nous puissions vous envoyer les invitations, et pour 35 euros en 48h si n\u00e9cessaire et si il n&#8217;y a pas de vacances. Puis il faut environ 2 \u00e0 3 semaines pour obtenir votre visa \u00e0 l&#8217;ambassade de Russie.<\/p>\n<p>Outre les documents \u00e9num\u00e9r\u00e9s ci-dessus vous avez besoin d&#8217;une preuve d&#8217;assurance de votre assurance ou de votre carte visa &#8216;or et un ch\u00e8que certifi\u00e9 au Canada et v\u00e9rifier pour les autres pays comment s\u2019acquitter des frais de visa.<\/p>\n","protected":false},"excerpt":{"rendered":"<p>How to obtain a tourist visa for Russia: You first need an invitation\u00a0letter . We work with an agency that can provide this\u00a0for 25 euros\u00a0 &hellip;<\/p>\n","protected":false},"author":1,"featured_media":154,"parent":34,"menu_order":12,"comment_status":"open","ping_status":"open","template":"template-gallery.php","meta":{"footnotes":""},"class_list":["post-95","page","type-page","status-publish","has-post-thumbnail","hentry"],"_links":{"self":[{"href":"https:\/\/marcahr.com\/apartments\/wp-json\/wp\/v2\/pages\/95","targetHints":{"allow":["GET"]}}],"collection":[{"href":"https:\/\/marcahr.com\/apartments\/wp-json\/wp\/v2\/pages"}],"about":[{"href":"https:\/\/marcahr.com\/apartments\/wp-json\/wp\/v2\/types\/page"}],"author":[{"embeddable":true,"href":"https:\/\/marcahr.com\/apartments\/wp-json\/wp\/v2\/users\/1"}],"replies":[{"embeddable":true,"href":"https:\/\/marcahr.com\/apartments\/wp-json\/wp\/v2\/comments?post=95"}],"version-history":[{"count":0,"href":"https:\/\/marcahr.com\/apartments\/wp-json\/wp\/v2\/pages\/95\/revisions"}],"up":[{"embeddable":true,"href":"https:\/\/marcahr.com\/apartments\/wp-json\/wp\/v2\/pages\/34"}],"wp:featuredmedia":[{"embeddable":true,"href":"https:\/\/marcahr.com\/apartments\/wp-json\/wp\/v2\/media\/154"}],"wp:attachment":[{"href":"https:\/\/marcahr.com\/apartments\/wp-json\/wp\/v2\/media?parent=95"}],"curies":[{"name":"wp","href":"https:\/\/api.w.org\/{rel}","templated":true}]}}