{"id":103,"date":"2012-03-04T00:26:54","date_gmt":"2012-03-04T00:26:54","guid":{"rendered":"http:\/\/marcahr.com\/marc\/aya\/?page_id=103"},"modified":"2012-04-28T11:48:53","modified_gmt":"2012-04-28T11:48:53","slug":"transport","status":"publish","type":"page","link":"https:\/\/marcahr.com\/apartments\/st-petersbourg\/transport\/","title":{"rendered":"Transport"},"content":{"rendered":"<p align=\"justify\">English version:<\/p>\n<p align=\"justify\">How to get from the airport\u00a0 to the apartment for free. If you do not have too much luggage and you want to be right away in the mood of Russia you can hop on a minibus. As part of our environment project we are encouraging you\u00a0 to use public transport. We will send you roubles by mail so you do not have to change money at the airport (bad rates like as usual). We offer you the ride and you won\u2019t have to wait more than 10mn for your minibus.<\/p>\n<p align=\"justify\">When you come out of the airport he usually stands on your left side. The airport is very small so you have only left and right as choices.\u00a0 From Pullkovo 2\u00a0 you can take minibus 213 or K3.<br \/>\nThis minibuses will bring you directly to Cennaia plochad. It takes about 30mn.<\/p>\n<p align=\"justify\">From Cennaia plochad you can walk 8mn or take take minibus K7 or K19 toward Nikolsky Sabor (means cathedral in Russian). When you come out of the minibus from the airport you must go on your left side toward Sadovaia street, cross Sadovaia to be on the right side for the Bus and the minibus stop. (in front of\u00a0 a furniture and lamps shop called ADAMIANT). Otherwise you will go toward Nevsky avenue.<\/p>\n<p align=\"justify\">For the minibus you must tell the driver , Asstanavitiesse pajaloussta when you see the Cathedral on your right or just say Nikolsky Sabor please.<br \/>\nRussian people are very nice so do not hesitate to ask your way.<\/p>\n<p>French Version:<\/p>\n<p align=\"justify\">Comment aller gratuitement de l&#8217;a\u00e9roport \u00e0 l&#8217;appartement. Si vous n&#8217;avez pasde tr\u00e8s gros bagages et que vous souhaitez \u00eatre dans le bain (Russe) aussit\u00f4t alors la solution c&#8217;est le minibus. Nous vous encourageons \u00e0 utiliser les transports en commun qui fonctionnent \u00e0 merveille. Fr\u00e9quent et rapide et bien meilleur pour l&#8217;environnement.<\/p>\n<p align=\"justify\">Le prix tourne autour d&#8217;un euro que nous vous enverrons vous en roubles (cadeau) pour que vous n&#8217;ayez pas \u00e0 changer d&#8217;argent \u00e0 l&#8217;a\u00e9roport car souvent le taux n&#8217;est pas tr\u00e8s bon et de plus c&#8217;est une perte de temps car il y a la queue et il ferme t\u00f4t. Le minibus K3 ou 213 vous am\u00e8neront directement \u00e0 la place Cennaia. (C\u00e9naia plochad en russe). ll faut environ trente minutes. Vous devez sortir au dernier arr\u00eat donc lorsque tout le monde descend&#8230;.Une fois arriv\u00e9 \u00e0 la place vous \u00eates sur le Moskovkiye prospekt que vous devez traverser sur votre gauche et retrouver la rue Sadovaia que vous devez aussi traverser pour vous trouver dans la bonne direction car en sens inverse vous iriez vers l&#8217; avenue Nevky.Si vous n&#8217;\u00eates pas sur demander l&#8217;avenue Nevsky et aller dans la direction oppos\u00e9.Au coin dela rue et devant le magasin Adamiant se trouve l&#8217;arr\u00eat du K7 un autre minibus de plus grande taille qui vous am\u00e8nera devant la cath\u00e9drale. Demander au chauffeur NIKOLSKI SABOR et il s&#8217;arr\u00eatera. Vous devez traverser le canal Griboedova. Notre maison se trouve de l&#8217;autre cot\u00e9 sur la droite, avec un restaurant appel\u00e9 Entr\u00e9e au coin du b\u00e2timent. (il est m\u00eame indiqu\u00e9 sur GOOGLE EARTH). Les Russes sont tr\u00e8s aimables, n&#8217;h\u00e9sitez pas \u00e0 leur demander des renseignements.<\/p>\n<p align=\"justify\">La deuxi\u00e8me solution est la voiture et nous avons des chauffeurs attitr\u00e9s qui vous attendront \u00e0 l&#8217;a\u00e9roport.<\/p>\n<p align=\"justify\">Lebus 27 et 3 passent dans la rue parall\u00e8le \u00e0 la rue Sadovaia sur la rue Rimskovo korsikova devant le num\u00e9ro 39. lls desservent les points principaux de la ville donc tr\u00e8s pratiques et \u00e0 seulement 100m de l&#8217;appartement.<br \/>\nEn sortant de l&#8217;immeuble diriger vous vers la droite et tournez sur la gauche sur la rue Rimskovo korsikova en longeant le parc de la cath\u00e9drale St Nicholas. Si votre destination finale est aujourd&#8217;hui Le mus\u00e9e l&#8217;ermitage alors descenddez deux arr\u00eats apr\u00e8s avoir vu la cath\u00e9drale St lsaac. Ensuite le bus descendra toute l&#8217;avenue Nevsky. Le 27 continue apr\u00e8s la gare de Moscou pour vous amener au fameux magasin de porcelaine Lomonossov, deux arr\u00eats apr\u00e8s la gare de Moscou puis au fameux cimeti\u00e8res ou est enterr\u00e9 Tchaikovski et Mr Petitpas. Le bus 3 tourne \u00e0 droite de la gare de Moscou pour rejoindre le prospekt Moskovski en direction de l&#8217;a\u00e9roport. Ces deux bus sont parfaits pour aller \u00e0 la gare pour Moscou. Si vous aller \u00e0 la gare Ladovski pour la Finlande et la Kar\u00e9lie prendre le m\u00e9tro \u00e0 la Sennaia. (direct). Le minibus 212 va directement \u00e0 la gare de Finlande et passe aussi sur la rue Sadovaia. Pour la gare de la Baltique pour le bus Euroline qui rejoint Tallin et pour aller \u00e0 Petrodvorets le minibus 64 passe devant la maison.<\/p>\n<p align=\"justify\">Les minibus sont plus rapides que les bus mais vous devez leur faire signe comme \u00e0 un taxi et ils<br \/>\ns&#8217;arr\u00eateront s&#8217;ils ont de la place. Eviter les heures de pointes. l0h et 19h. Pour le K7 il faut payer en sortant mais pour tout les autres minibus il faut payer une fois mont\u00e9 et assis. Si vous \u00eates loin du chauffeur donner l&#8217;argent \u00e0 une personne qui la transmettra au chauffeur et vous redonnera la monnaie. Attention si vous \u00eates derri\u00e8re le chauffeur ne vous \u00e9tonnez pas que l&#8217;on vous donne de l&#8217;argent&#8230; ( personellement je transmet l&#8217;argent que l&#8217;on me donne au moment ou le v\u00e9hicule s&#8217;immobilise \u00e0 un feu rouge ) Dans le bus prenez place si vous trouvez et attendez que l&#8217;on vous propose un billet.<\/p>\n","protected":false},"excerpt":{"rendered":"<p>English version: How to get from the airport\u00a0 to the apartment for free. If you do not have too much luggage and you want to &hellip;<\/p>\n","protected":false},"author":1,"featured_media":153,"parent":34,"menu_order":11,"comment_status":"open","ping_status":"open","template":"template-gallery.php","meta":{"footnotes":""},"class_list":["post-103","page","type-page","status-publish","has-post-thumbnail","hentry"],"_links":{"self":[{"href":"https:\/\/marcahr.com\/apartments\/wp-json\/wp\/v2\/pages\/103","targetHints":{"allow":["GET"]}}],"collection":[{"href":"https:\/\/marcahr.com\/apartments\/wp-json\/wp\/v2\/pages"}],"about":[{"href":"https:\/\/marcahr.com\/apartments\/wp-json\/wp\/v2\/types\/page"}],"author":[{"embeddable":true,"href":"https:\/\/marcahr.com\/apartments\/wp-json\/wp\/v2\/users\/1"}],"replies":[{"embeddable":true,"href":"https:\/\/marcahr.com\/apartments\/wp-json\/wp\/v2\/comments?post=103"}],"version-history":[{"count":0,"href":"https:\/\/marcahr.com\/apartments\/wp-json\/wp\/v2\/pages\/103\/revisions"}],"up":[{"embeddable":true,"href":"https:\/\/marcahr.com\/apartments\/wp-json\/wp\/v2\/pages\/34"}],"wp:featuredmedia":[{"embeddable":true,"href":"https:\/\/marcahr.com\/apartments\/wp-json\/wp\/v2\/media\/153"}],"wp:attachment":[{"href":"https:\/\/marcahr.com\/apartments\/wp-json\/wp\/v2\/media?parent=103"}],"curies":[{"name":"wp","href":"https:\/\/api.w.org\/{rel}","templated":true}]}}